at is the remainder when 67540 is divided by 1522?
572
Calculate the remainder when 20188432 is divided by 114707.
0
Calculate the remainder when 34085 is divided by 8521.
1
Calculate the remainder when 162802 is divided by 4811.
4039
What is the remainder when 25312402 is divided by 16741?
10
What is the remainder when 236562341 is divided by 17?
14
Calculate the remainder when 449835 is divided by 149.
4
What is the remainder when 1468651 is divided by 1802?
21
What is the remainder when 156205 is divided by 17331?
226
What is the remainder when 19946323 is divided by 75?
73
Calculate the remainder when 4922825 is divided by 5607.
5486
Calculate the remainder when 4105907 is divided by 319.
58
Calculate the remainder when 215545 is divided by 1577.
1073
What is the remainder when 70567 is divided by 14041?
362
Calculate the remainder when 15510221 is divided by 9.
8
Calculate the remainder when 2123870 is divided by 25282.
182
What is the remainder when 381965 is divided by 2099?
2046
Calculate the remainder when 297984 is divided by 617.
590
Calculate the remainder when 6365502 is divided by 143.
0
Calculate the remainder when 231651 is divided by 638.
57
Calculate the remainder when 220469209 is divided by 32.
25
Calculate the remainder when 3753 is divided by 248.
33
What is the remainder when 32708110 is divided by 1929?
1915
What is the remainder when 49277 is divided by 24549?
179
What is the remainder when 28770045 is divided by 35000?
45
What is the remainder when 297744 is divided by 7811?
926
What is the remainder when 2235375 is divided by 7143?
6759
Calculate the remainder when 826335 is divided by 188.
75
What is the remainder when 139879660 is divided by 48251?
11
Calculate the remainder when 400896 is divided by 3460.
2996
What is the remainder when 402671 is divided by 721?
353
Calculate the remainder when 350128 is divided by 13465.
38
Calculate the remainder when 12367028 is divided by 829.
6
What is the remainder when 15969595 is divided by 40024?
19
Calculate the remainder when 12769993 is divided by 3215.
13
What is the remainder when 1298881 is divided by 1343?
200
Calculate the remainder when 518369 is divided by 1669.
979
What is the remainder when 1273632 is divided by 921?
810
What is the remainder when 250039 is divided by 325?
114
Calculate the remainder when 34497356 is divided by 167.
166
Calculate the remainder when 94482 is divided by 23494.
506
What is the remainder when 1966513 is divided by 655495?
28
Calculate the remainder when 9964603 is divided by 9964582.
21
What is the remainder when 1534898 is divided by 6673?
108
What is the remainder when 9433389 is divided by 1886668?
49
Calculate the remainder when 2408573 is divided by 340.
13
What is the remainder when 27537 is divided by 391?
167
Calculate the remainder when 10742840 is divided by 631931.
13
Calculate the remainder when 59174 is divided by 560.
374
What is the remainder when 2388405 is divided by 265375?
30
What is the remainder when 73996409 is divided by 3699820?
9
What is the remainder when 243777 is divided by 301?
268
What is the remainder when 9056793 is divided by 16058?
81
What is the remainder when 28141234 is divided by 2045?
2034
Calculate the remainder when 1651 is divided by 252.
139
Calculate the remainder when 6746458 is divided by 1320.
1258
What is the remainder when 1566709 is divided by 288?
277
What is the remainder when 94092151 is divided by 49?
48
Calculate the remainder when 33832943 is divided by 33.
23
What is the remainder when 2571698 is divided by 857229?
11
What is the remainder when 159434 is divided by 2881?
979
What is the remainder when 2328436 is divided by 747?
37
Calculate the remainder when 20818614 is divided by 382.
378
Calculate the remainder when 57670136 is divided by 1947.
1943
Calculate the remainder when 15094965 is divided by 683.
665
What is the remainder when 1616562 is divided by 4?
2
What is the remainder when 236459 is divided by 26214?
533
Calculate the remainder when 1418871 is divided by 2217.
2208
What is the remainder when 352235 is divided by 195?
65
What is the remainder when 552152 is divided by 3496?
3280
What is the remainder when 9713651 is divided by 1754?
1753
What is the remainder when 226566793 is divided by 105?
103
What is the remainder when 12205 is divided by 6094?
17
What is the remainder when 3064965 is divided by 13805?
255
Calculate the remainder when 845741868 is divided by 275.
268
Calculate the remainder when 1910933 is divided by 1031.
490
Calculate the remainder when 2556 is divided by 1426.
1130
What is the remainder when 21065 is divided by 213?
191
What is the remainder when 3680 is divided by 484?
292
Calculate the remainder when 275739 is divided by 1621.
169
What is the remainder when 5083208 is divided by 131?
15
Calculate the remainder when 2039588 is divided by 185367.
551
Calculate the remainder when 55829 is divided by 9036.
1613
What is the remainder when 55314 is divided by 3002?
1278
Calculate the remainder when 698141 is divided by 1377.
2
What is the remainder when 44793 is divided by 1907?
932
Calculate the remainder when 7991258 is divided by 103.
3
What is the remainder when 3477180 is divided by 987?
966
What is the remainder when 48526282 is divided by 1323?
1288
What is the remainder when 30478 is divided by 29263?
1215
What is the remainder when 915250 is divided by 48166?
96
Calculate the remainder when 22710396 is divided by 216.
156
Calculate the remainder when 191704459 is divided by 10.
9
What is the remainder when 5200773 is divided by 472780?
193
Calculate the remainder when 4708735 is divided by 1253.
1214
Calculate the remainder when 2823054 is divided by 117622.
126
What is the remainder when 10064715 is divided by 3076?
43
Calculate the remainder when 55787 is divided by 18558.
113
Calculate the remainder when 5289569 is divided by 11136.
11105
Calculate the remainder when 2461022 is divided by 1721.
1713
Calculate the remainder when 18974 is divided by 18232.
742
What is the remainder when 469875566 is divided by 156625185?
11
Calculate the remainder when 142009 is divided by 732.
1
Calculate the remainder when 324501 is divided by 260.
21
What is the remainder when 44880 is divided by 458?
454
Calculate the remainder when 58439 is divided by 800.
39
What is the remainder when 552796 is divided by 869?
112
Calculate the remainder when 467276156 is divided by 1261.
1257
What is the remainder when 10222647 is divided by 48?
39
What is the remainder when 156428 is divided by 78071?
286
What is the remainder when 14736289 is divided by 335?
309
Calculate the remainder when 34591092 is divided by 107.
25
What is the remainder when 15986503 is divided by 3996622?
15
Calculate the remainder when 68072807 is divided by 95.
82
Calculate the remainder when 6945241 is divided by 567.
58
Calculate the remainder when 21728 is divided by 146.
120
Calculate the remainder when 688921 is divided by 1501.
1463
Calculate the remainder when 1006585 is divided by 503275.
35
What is the remainder when 3727815 is divided by 4217?
4204
Calculate the remainder when 107598 is divided by 1159.
970
What is the remainder when 17568809 is divided by 15?
14
What is the remainder when 5970512 is divided by 1990158?
38
What is the remainder when 481890 is divided by 395?
385
Calculate the remainder when 6363845 is divided by 29737.
127
What is the remainder when 34523841 is divided by 4787?
4784
What is the remainder when 64453 is divided by 4155?
2128
Calculate the remainder when 35403 is divided by 2939.
135
Calculate the remainder when 927130 is divided by 927009.
121
What is the remainder when 401816 is divided by 22247?
1370
Calculate the remainder when 121246 is divided by 120956.
290
Calculate the remainder when 113517 is divided by 403.
274
What is the remainder when 8817448 is divided by 425?
398
Calculate the remainder when 3179404 is divided by 181.
139
What is the remainder when 5427172 is divided by 1569?
1
What is the remainder when 71690476 is divided by 967?
964
What is the remainder when 496914 is divided by 45156?
198
Calculate the remainder when 34394922 is divided by 284.
250
Calculate the remainder when 1136141 is divided by 118.
37
What